+ 9. Let a be j(5). Suppose -n = -2*n + 5*i - 15, -60 = -a*n - 4*i. Calculate the greatest common divisor of 110 and n.
10
Let q be (9/3)/(9/42). Calculate the highest common factor of q and 112.
14
Let z be 513 - (2 + (-2 - 3)). Calculate the highest common factor of z and 43.
43
Let y = 1 - -1. Let k be (y/(-4))/((-2)/4). Let v(f) = f**2 - 15*f + 11. Let i be v(15). Calculate the highest common divisor of k and i.
1
Suppose 5*f - 95 = -5*j, 0*f + f + 5*j = 7. Let l be 325/3 - 1/3. Let k = -53 + l. Calculate the greatest common factor of k and f.
11
Let t = 73 - -15. Calculate the highest common divisor of 616 and t.
88
Suppose -4*j - 40 = -5*d, 3*d + 5*j = 35 + 26. Let z be (1 - (-2)/(-8))*d. What is the greatest common divisor of 99 and z?
9
Suppose 3*u - 16 - 14 = 0. Suppose -5*s - 66 = 54. Let r = 114 + s. Calculate the greatest common divisor of r and u.
10
Let s(w) = -47*w + 13. Let b be s(0). Calculate the greatest common divisor of b and 767.
13
Let o(i) = i**2 - 42*i + 154. Let c be o(40). Calculate the highest common factor of 407 and c.
37
Let k(o) = 4*o**2 - 3*o + 40. Let b be k(10). What is the greatest common factor of b and 164?
82
Suppose 1214 = -4*p - 3098. Let h = p - -400. Let l be h/(-8) - (-5)/20. Calculate the greatest common factor of l and 34.
17
Let a(w) be the third derivative of -w**5/60 + w**4/12 + 3*w**3/2 - 14*w**2. Let u be a(0). What is the greatest common factor of u and 36?
9
Suppose -5*b = 3*m - 1216, b = -m + 169 + 73. Calculate the greatest common factor of 175 and b.
35
Let n = -269 - -461. Calculate the greatest common divisor of n and 80.
16
Let n(m) = 8*m - 54. Suppose -4*g + 68 = 2*k + 3*k, -10 = -5*g. Let s be n(k). Calculate the greatest common divisor of 14 and s.
14
Let s(f) = f**3 + 6*f**2 + 6*f + 8. Let z be s(-4). Suppose 2*o + o = -3*i, 4*o + z = 4*i. What is the greatest common divisor of i and 2?
2
Let d be 674/7 + 6/(-21). Let i(v) = 2*v**2 + 4*v - 4. Let l = 33 + -37. Let f be i(l). What is the greatest common factor of d and f?
12
Let r = 53 + -38. Suppose -3*b = -0*b - r. Suppose -4*d + u + 508 = -3*u, b*d + u = 629. What is the highest common divisor of 18 and d?
18
Let m be 46 + (-1)/((-3)/(-3)). Suppose -4*o + m = -291. Suppose 2*h + h + 5*u = 163, 4*h = -4*u + 220. What is the greatest common factor of h and o?
28
Suppose 4*i = 2*j - 26, 6*j - 2*j + 13 = -5*i. Let y be 20 + (6/j)/2*3. Suppose -f + 2*f - 184 = 0. Calculate the highest common factor of y and f.
23
Let l be 2*(1 + -2) - -12. Let o(p) = 9*p + 45. Let v be o(5). Calculate the greatest common divisor of v and l.
10
Let f(p) = -p**2 - 39*p - 43. Let o be f(-18). What is the greatest common factor of o and 134?
67
Let b be (-2 - 3)*3 - 2. Suppose 34 = 2*u - 4*m, -5*u + 2*m + 45 = -0*u. Let z = u - b. Calculate the greatest common divisor of z and 48.
24
Let u be (-35)/2*(-12)/15. Let p be (-4)/18 + 5728/18. Let i = -220 + p. Calculate the greatest common factor of i and u.
14
Suppose 0 = 6*l - 3*l. Let m be 12 + l + 0 + -1. Suppose -w - 2*b - 13 = -2*w, 0 = 3*w + 4*b + m. What is the highest common factor of 9 and w?
3
Let k = 348 - 346. Calculate the highest common divisor of 2 and k.
2
Let y be ((-88)/24)/(2/(-24)). What is the greatest common divisor of 176 and y?
44
Let u be -6*(-3)/(-6) + 36. Calculate the greatest common factor of 143 and u.
11
Let d = 314 - 298. Suppose 2*p + q - 6 = 0, -3*p = p - 2*q - 20. What is the highest common divisor of d and p?
4
Suppose -3*v - 16 = -7*v, 32 = z + 4*v. Let a = -41 - -49. Calculate the highest common divisor of a and z.
8
Let f = -1417 - -1583. What is the highest common divisor of f and 913?
83
Let b be 14*(18/14 - 1). Suppose 0 = -b*c + 26 + 14. Calculate the greatest common divisor of 25 and c.
5
Let i(g) = -7*g + 39. Let u(z) = 4*z - 19. Let c(s) = 3*i(s) + 5*u(s). Let d be c(8). Let h = -3 + 5. Calculate the greatest common divisor of d and h.
2
Let w(h) = -21 + h + 10*h + 12. Let r be w(11). Calculate the greatest common divisor of r and 16.
16
Suppose 32 = -3*i - 19. Let n = i - -43. What is the highest common factor of 26 and n?
26
Let i(t) = -5 + 3*t**2 + 1 - 2 + 5*t. Let j be i(3). What is the highest common factor of 180 and j?
36
Suppose 5*v = 2*t - 1201, 41*t + 1222 = 43*t + 2*v. Calculate the greatest common divisor of 38 and t.
38
Let s(w) = -w**2 + 17*w + 13. Suppose 19 - 2 = x. Let y be s(x). Calculate the highest common factor of 247 and y.
13
Let w = 8 + 4. Let x be (-2)/(-4) + 110/44. What is the highest common divisor of x and w?
3
Let r be (6/(-9))/(10/(-1305)). Calculate the highest common factor of 1392 and r.
87
Let d be 3 + 0/2 + 1. Let a be d/(16/(-12)) + 7. Suppose 3*z - 167 = -y, -2*z = a*y - 44 - 64. What is the highest common factor of z and 84?
28
Let n(b) = -2*b**2 - 54*b - 11. Let r be n(-27). Let t = r - -17. Calculate the highest common divisor of t and 66.
6
Let u be 81/6*8/(-6). Let g = u - -27. Let k be (1*6)/(g/270). Calculate the highest common factor of 72 and k.
36
Suppose 16*n = 17*n - 4, 2*c = 4*n - 18. Let g be 1*(1 + (-23)/(-1)) - c. Calculate the greatest common factor of g and 75.
25
Suppose 5*v = u + 47, -v + 5*u - 5 = -0*u. What is the greatest common factor of v and 370?
10
Suppose -7 = z - 4*k + 3, 4*z - 3*k + 1 = 0. Suppose 2*p = 3*j - z, -j - 3*j + 4 = -2*p. Let w = 28 - 10. Calculate the greatest common factor of p and w.
2
Let j = 249 + -154. Let l(g) = 64*g**2 - 3*g - 2. Let d be l(2). Suppose 5*z + 58 - d = 0. Calculate the greatest common factor of z and j.
19
Suppose 19*l = -r + 22*l + 34, -2*l = 4*r - 108. Suppose -3*d = d. Suppose d*h = -h + 56. Calculate the highest common divisor of h and r.
28
Suppose -4*t - 5*c + 335 = 0, -2*t - 5*c + 75 + 80 = 0. Let a = 333 + -297. Calculate the greatest common divisor of t and a.
18
Suppose -7*n = n - 384. What is the greatest common factor of n and 128?
16
Suppose -3*a + 81 = -3*f, 6*a - 4*a + f - 51 = 0. What is the highest common factor of 26 and a?
26
Let j be (-4 - (-20)/8)/(3/(-42)). Let d be 9/2*(-14)/(-3). Calculate the greatest common factor of d and j.
21
Suppose -5*i = -4*i. Suppose i = 2*p + m + 13 + 53, 3*p = 3*m - 99. Let l = p + 59. What is the highest common factor of l and 65?
13
Let s = 9 - 6. Suppose -241*a = -252*a + 132. What is the highest common factor of a and s?
3
Suppose 0 = -5*a, 4*u - 6 - 90 = -4*a. Let w be -4 + u/(-9)*-3. Let r = w - -24. Calculate the greatest common factor of r and 42.
14
Let l = -53 + 55. Suppose 2*h = l*b + 20, 2*h - 2*b - 18 = -b. What is the greatest common factor of h and 32?
8
Let z(a) = 28*a - 79. Let x be z(4). What is the highest common factor of 44 and x?
11
Let z be 1 - (-3 + -158) - 9. What is the greatest common divisor of z and 51?
51
Let t(j) = -j**3 + 6*j**2 - j + 4. Let w be t(5). Suppose -3*r + 0*r = -w. Calculate the greatest common factor of r and 1.
1
Let w be 1505/10 + ((-5)/10 - -2). Let i be ((-152)/(-6))/(-4)*-3. What is the greatest common divisor of i and w?
19
Let r(l) = l**2 - 2*l + 4. Let z be 12/((-12)/4) + 6. Let a be r(z). What is the greatest common factor of 4 and a?
4
Let u = 13 - -19. Let d = -365 - -381. What is the greatest common factor of u and d?
16
Let i = 1440 - 1437. Suppose -8 - 6 = 2*n + 4*j, -3*n + j + 7 = 0. What is the greatest common factor of n and i?
1
Let j = -8 + 13. Suppose -3*r + 5 + 1 = -4*s, -2 = 3*s - r. Let m be (-75 - s)*1/(-3). Calculate the highest common factor of m and j.
5
Suppose 11*f + 132 = 13*f. Suppose -2*m = y - 159, 5*y + 2*m - 610 - 209 = 0. What is the highest common divisor of y and f?
33
Let j(h) = 10*h + h - 5*h - 32 - 3*h. Let z be j(14). Calculate the highest common divisor of z and 5.
5
Suppose -3*k = 2*l - 1582, -3*k + 6*k + 5*l - 1570 = 0. Let b = k + -134. Calculate the greatest common divisor of 36 and b.
36
Let r be 1/(-6)*4*1203/2. Let c = -281 - r. What is the highest common factor of c and 15?
15
Suppose -v + 3*s + 3 = 0, 2*v + s = -2*s + 33. Suppose -11 = w + 1. Let j = w + 48. Calculate the greatest common factor of j and v.
12
Let s be 2*9 - (2 - 1). Let r = 0 - -4. Suppose -r*t + 133 = -5*v + 2*v, 4*t - 140 = -4*v. Calculate the greatest common divisor of s and t.
17
Let u = 4582 + -4576. Suppose -k - 3*i = -6, 3*i + 21 + 3 = 4*k